{"id":473,"date":"2025-12-18T19:10:39","date_gmt":"2025-12-18T17:10:39","guid":{"rendered":"https:\/\/imeloom.com\/laenutus\/?post_type=product&#038;p=473"},"modified":"2026-03-19T19:54:30","modified_gmt":"2026-03-19T17:54:30","slug":"kuke-kostuum-2","status":"publish","type":"product","link":"https:\/\/imeloom.com\/laenutus\/kuke-kostuum-2\/","title":{"rendered":"Kuke kost\u00fc\u00fcm 6A, 7A, 8A"},"content":{"rendered":"<h2><strong>Kuke kost\u00fc\u00fcm<\/strong><\/h2>\n<p><strong>Suurus: <\/strong>\u00a06A-8A, 122\/128<\/p>\n<p><strong>Komplekti kuulub:<\/strong>\u00a0 valge tiibade ja sabaga eest lukuga kombe ja kuke m\u00fcts<\/p>\n<p>Kogupikkus 105 cm<\/p>\n<p>Kehaosa pikkus 58 cm<\/p>\n<p>Kehaosa laius 43 cm<\/p>\n<p>Sises\u00e4\u00e4r: 50 cm<\/p>\n<p>M\u00fcts ideaalne pea\u00fcmberm\u00f5\u00f5dule 50-54 cm. Suuremale peale k\u00fcsi suuremat m\u00fctsi.<br \/>\nMaterjal:\u00a0 pol\u00fcster<\/p>\n<p>Kehaosa tootja Kragzek (Poola)<\/p>\n<p>M\u00fctsi tootja: Imeloom (Eesti)<\/p>\n<p>Rendi aeg kuni 1 n\u00e4dal paki saabumisest.<\/p>\n<p>Pane ostukorvi ka tagatis, ilma tagatiseta tellimust ei v\u00e4ljastata. Tagatise saab peale toote tagastamist tagasi.<\/p>\n<p>Postiga tellides lisandub postikulu, tagastamine on tasuta.<\/p>\n","protected":false},"excerpt":{"rendered":"<p>Kuke kost\u00fc\u00fcm Suurus: \u00a06A-8A, 122\/128 Komplekti kuulub:\u00a0 valge tiibade ja sabaga eest lukuga kombe ja kuke m\u00fcts Kogupikkus 105 cm Kehaosa pikkus 58 cm Kehaosa laius 43 cm Sises\u00e4\u00e4r: 50 cm M\u00fcts ideaalne pea\u00fcmberm\u00f5\u00f5dule 50-54 cm. Suuremale peale k\u00fcsi suuremat m\u00fctsi. Materjal:\u00a0 pol\u00fcster Kehaosa tootja Kragzek (Poola) M\u00fctsi tootja: Imeloom (Eesti) Rendi aeg kuni 1 [&hellip;]<\/p>\n","protected":false},"featured_media":474,"comment_status":"closed","ping_status":"closed","template":"","meta":{"site-sidebar-layout":"default","site-content-layout":"","ast-site-content-layout":"default","site-content-style":"default","site-sidebar-style":"default","ast-global-header-display":"","ast-banner-title-visibility":"","ast-main-header-display":"","ast-hfb-above-header-display":"","ast-hfb-below-header-display":"","ast-hfb-mobile-header-display":"","site-post-title":"","ast-breadcrumbs-content":"","ast-featured-img":"","footer-sml-layout":"","ast-disable-related-posts":"","theme-transparent-header-meta":"default","adv-header-id-meta":"","stick-header-meta":"","header-above-stick-meta":"","header-main-stick-meta":"","header-below-stick-meta":"","astra-migrate-meta-layouts":"set","ast-page-background-enabled":"default","ast-page-background-meta":{"desktop":{"background-color":"var(--ast-global-color-4)","background-image":"","background-repeat":"repeat","background-position":"center center","background-size":"auto","background-attachment":"scroll","background-type":"","background-media":"","overlay-type":"","overlay-color":"","overlay-opacity":"","overlay-gradient":""},"tablet":{"background-color":"","background-image":"","background-repeat":"repeat","background-position":"center center","background-size":"auto","background-attachment":"scroll","background-type":"","background-media":"","overlay-type":"","overlay-color":"","overlay-opacity":"","overlay-gradient":""},"mobile":{"background-color":"","background-image":"","background-repeat":"repeat","background-position":"center center","background-size":"auto","background-attachment":"scroll","background-type":"","background-media":"","overlay-type":"","overlay-color":"","overlay-opacity":"","overlay-gradient":""}},"ast-content-background-meta":{"desktop":{"background-color":"var(--ast-global-color-5)","background-image":"","background-repeat":"repeat","background-position":"center center","background-size":"auto","background-attachment":"scroll","background-type":"","background-media":"","overlay-type":"","overlay-color":"","overlay-opacity":"","overlay-gradient":""},"tablet":{"background-color":"var(--ast-global-color-5)","background-image":"","background-repeat":"repeat","background-position":"center center","background-size":"auto","background-attachment":"scroll","background-type":"","background-media":"","overlay-type":"","overlay-color":"","overlay-opacity":"","overlay-gradient":""},"mobile":{"background-color":"var(--ast-global-color-5)","background-image":"","background-repeat":"repeat","background-position":"center center","background-size":"auto","background-attachment":"scroll","background-type":"","background-media":"","overlay-type":"","overlay-color":"","overlay-opacity":"","overlay-gradient":""}}},"product_brand":[],"product_cat":[15],"product_tag":[94,79],"class_list":{"0":"post-473","1":"product","2":"type-product","3":"status-publish","4":"has-post-thumbnail","6":"product_cat-maaramata","7":"product_tag-kukk","8":"product_tag-linnud","9":"product_size-41","10":"product_size-43","11":"product_size-45","12":"desktop-align-left","13":"tablet-align-left","14":"mobile-align-left","15":"wcpa_has_options","17":"first","18":"instock","19":"shipping-taxable","20":"purchasable","21":"product-type-simple"},"_links":{"self":[{"href":"https:\/\/imeloom.com\/laenutus\/wp-json\/wp\/v2\/product\/473","targetHints":{"allow":["GET"]}}],"collection":[{"href":"https:\/\/imeloom.com\/laenutus\/wp-json\/wp\/v2\/product"}],"about":[{"href":"https:\/\/imeloom.com\/laenutus\/wp-json\/wp\/v2\/types\/product"}],"replies":[{"embeddable":true,"href":"https:\/\/imeloom.com\/laenutus\/wp-json\/wp\/v2\/comments?post=473"}],"wp:featuredmedia":[{"embeddable":true,"href":"https:\/\/imeloom.com\/laenutus\/wp-json\/wp\/v2\/media\/474"}],"wp:attachment":[{"href":"https:\/\/imeloom.com\/laenutus\/wp-json\/wp\/v2\/media?parent=473"}],"wp:term":[{"taxonomy":"product_brand","embeddable":true,"href":"https:\/\/imeloom.com\/laenutus\/wp-json\/wp\/v2\/product_brand?post=473"},{"taxonomy":"product_cat","embeddable":true,"href":"https:\/\/imeloom.com\/laenutus\/wp-json\/wp\/v2\/product_cat?post=473"},{"taxonomy":"product_tag","embeddable":true,"href":"https:\/\/imeloom.com\/laenutus\/wp-json\/wp\/v2\/product_tag?post=473"}],"curies":[{"name":"wp","href":"https:\/\/api.w.org\/{rel}","templated":true}]}}