{"id":134,"date":"2023-06-04T10:30:04","date_gmt":"2023-06-04T08:30:04","guid":{"rendered":"https:\/\/imeloom.com\/laenutus\/?post_type=product&#038;p=134"},"modified":"2024-03-22T16:13:02","modified_gmt":"2024-03-22T14:13:02","slug":"notsu-2a-3a-4a","status":"publish","type":"product","link":"https:\/\/imeloom.com\/laenutus\/notsu-2a-3a-4a\/","title":{"rendered":"Notsu 2A, 3A, 4A"},"content":{"rendered":"<h2><strong>Notsu kost\u00fc\u00fcm<\/strong><\/h2>\n<p><strong>Suurus :<\/strong> 2-4 A<\/p>\n<p>Komplekti kuuluvad vest, p\u00fcksid ja peakate. Vest ja peakate sobivad ka suurematele, p\u00fcksid umbes kolmeaastasele.<\/p>\n<p>Vesti laius: 35 cm (R\u00dc 70 cm)<\/p>\n<p>P\u00fckste pikkus 40 cm, aga sobib kanda ka kukekana.<\/p>\n<p>P\u00fckste v\u00f6\u00f6\u00fcmberm\u00f5\u00f5t venitamata 2\u00d723 cm, venib kuni 29 cm<\/p>\n<p>Modell pildil on 3-aastane.<\/p>\n<p>Materjal:\u00a0 pol\u00fcster<\/p>\n<p>Rendi aeg kuni 1 n\u00e4dal paki k\u00e4ttesaamisest.<\/p>\n<p>Pane ostukorvi ka tagatis, ilma tagatiseta tellimust ei v\u00e4ljastata. Tagatise saab peale toote tagastamist tagasi.<\/p>\n<p>Postiga tellides lisandub postikulu, tagastamine on tasuta.<\/p>\n","protected":false},"excerpt":{"rendered":"<p>Notsu kost\u00fc\u00fcm Suurus : 2-4 A Komplekti kuuluvad vest, p\u00fcksid ja peakate. Vest ja peakate sobivad ka suurematele, p\u00fcksid umbes kolmeaastasele. Vesti laius: 35 cm (R\u00dc 70 cm) P\u00fckste pikkus 40 cm, aga sobib kanda ka kukekana. P\u00fckste v\u00f6\u00f6\u00fcmberm\u00f5\u00f5t venitamata 2\u00d723 cm, venib kuni 29 cm Modell pildil on 3-aastane. Materjal:\u00a0 pol\u00fcster Rendi aeg kuni [&hellip;]<\/p>\n","protected":false},"featured_media":135,"comment_status":"closed","ping_status":"closed","template":"","meta":{"site-sidebar-layout":"default","site-content-layout":"","ast-site-content-layout":"default","site-content-style":"default","site-sidebar-style":"default","ast-global-header-display":"","ast-banner-title-visibility":"","ast-main-header-display":"","ast-hfb-above-header-display":"","ast-hfb-below-header-display":"","ast-hfb-mobile-header-display":"","site-post-title":"","ast-breadcrumbs-content":"","ast-featured-img":"","footer-sml-layout":"","ast-disable-related-posts":"","theme-transparent-header-meta":"default","adv-header-id-meta":"","stick-header-meta":"","header-above-stick-meta":"","header-main-stick-meta":"","header-below-stick-meta":"","astra-migrate-meta-layouts":"set","ast-page-background-enabled":"default","ast-page-background-meta":{"desktop":{"background-color":"var(--ast-global-color-4)","background-image":"","background-repeat":"repeat","background-position":"center center","background-size":"auto","background-attachment":"scroll","background-type":"","background-media":"","overlay-type":"","overlay-color":"","overlay-opacity":"","overlay-gradient":""},"tablet":{"background-color":"","background-image":"","background-repeat":"repeat","background-position":"center center","background-size":"auto","background-attachment":"scroll","background-type":"","background-media":"","overlay-type":"","overlay-color":"","overlay-opacity":"","overlay-gradient":""},"mobile":{"background-color":"","background-image":"","background-repeat":"repeat","background-position":"center center","background-size":"auto","background-attachment":"scroll","background-type":"","background-media":"","overlay-type":"","overlay-color":"","overlay-opacity":"","overlay-gradient":""}},"ast-content-background-meta":{"desktop":{"background-color":"var(--ast-global-color-5)","background-image":"","background-repeat":"repeat","background-position":"center center","background-size":"auto","background-attachment":"scroll","background-type":"","background-media":"","overlay-type":"","overlay-color":"","overlay-opacity":"","overlay-gradient":""},"tablet":{"background-color":"var(--ast-global-color-5)","background-image":"","background-repeat":"repeat","background-position":"center center","background-size":"auto","background-attachment":"scroll","background-type":"","background-media":"","overlay-type":"","overlay-color":"","overlay-opacity":"","overlay-gradient":""},"mobile":{"background-color":"var(--ast-global-color-5)","background-image":"","background-repeat":"repeat","background-position":"center center","background-size":"auto","background-attachment":"scroll","background-type":"","background-media":"","overlay-type":"","overlay-color":"","overlay-opacity":"","overlay-gradient":""}}},"product_brand":[],"product_cat":[16],"product_tag":[77,74],"class_list":{"0":"post-134","1":"product","2":"type-product","3":"status-publish","4":"has-post-thumbnail","6":"product_cat-loomad","7":"product_tag-loomad","8":"product_tag-notsu-kostuum","9":"product_size-37","10":"product_size-33","11":"product_size-35","12":"desktop-align-left","13":"tablet-align-left","14":"mobile-align-left","15":"wcpa_has_options","17":"first","18":"instock","19":"shipping-taxable","20":"purchasable","21":"product-type-simple"},"_links":{"self":[{"href":"https:\/\/imeloom.com\/laenutus\/wp-json\/wp\/v2\/product\/134","targetHints":{"allow":["GET"]}}],"collection":[{"href":"https:\/\/imeloom.com\/laenutus\/wp-json\/wp\/v2\/product"}],"about":[{"href":"https:\/\/imeloom.com\/laenutus\/wp-json\/wp\/v2\/types\/product"}],"replies":[{"embeddable":true,"href":"https:\/\/imeloom.com\/laenutus\/wp-json\/wp\/v2\/comments?post=134"}],"wp:featuredmedia":[{"embeddable":true,"href":"https:\/\/imeloom.com\/laenutus\/wp-json\/wp\/v2\/media\/135"}],"wp:attachment":[{"href":"https:\/\/imeloom.com\/laenutus\/wp-json\/wp\/v2\/media?parent=134"}],"wp:term":[{"taxonomy":"product_brand","embeddable":true,"href":"https:\/\/imeloom.com\/laenutus\/wp-json\/wp\/v2\/product_brand?post=134"},{"taxonomy":"product_cat","embeddable":true,"href":"https:\/\/imeloom.com\/laenutus\/wp-json\/wp\/v2\/product_cat?post=134"},{"taxonomy":"product_tag","embeddable":true,"href":"https:\/\/imeloom.com\/laenutus\/wp-json\/wp\/v2\/product_tag?post=134"}],"curies":[{"name":"wp","href":"https:\/\/api.w.org\/{rel}","templated":true}]}}